base 5
14401
What is -11221212 (base 4) in base 2?
-101101001100110
What is 1496 (base 10) in base 3?
2001102
What is 537 (base 16) in base 12?
933
What is 2300112 (base 5) in base 14?
10b61
1012221 (base 3) to base 11
739
26763 (base 8) to base 13
547b
-1c1 (base 16) to base 10
-449
Convert 2243 (base 5) to base 8.
503
Convert 11 (base 16) to base 2.
10001
-1211423 (base 6) to base 4
-33212013
Convert -64 (base 10) to base 12.
-54
13234 (base 6) to base 4
133312
b20 (base 13) to base 5
30020
What is -9d0 (base 15) in base 5?
-32340
Convert 7bb (base 12) to base 4.
101333
What is -4921 (base 10) in base 3?
-20202021
Convert -1351 (base 7) to base 14.
-298
What is -100110110 (base 2) in base 3?
-102111
Convert -7b5 (base 15) to base 12.
-1015
-3530 (base 6) to base 4
-31032
What is 1756 (base 16) in base 5?
142344
Convert -211310 (base 4) to base 12.
-1498
Convert -1010022101 (base 3) to base 4.
-11121100
Convert 1012311 (base 4) to base 14.
191b
27b0 (base 15) to base 13
3b31
What is 3435 (base 6) in base 8?
1457
What is -105 (base 9) in base 2?
-1010110
What is 1311 (base 4) in base 7?
225
What is -110 (base 13) in base 12?
-132
332a (base 14) to base 9
13132
What is -1860 (base 14) in base 5?
-120041
13131103 (base 4) to base 11
20a50
What is 132424 (base 6) in base 11?
9232
What is 21342 (base 6) in base 12?
1852
Convert 1311 (base 5) to base 4.
3032
Convert 960 (base 10) to base 7.
2541
2101110 (base 3) to base 14
8c4
What is 210211 (base 4) in base 14?
bd3
What is -135201 (base 7) in base 14?
-95a8
Convert -421 (base 7) to base 15.
-e1
What is 202 (base 9) in base 14?
ba
6386 (base 11) to base 4
2003323
Convert -22012102 (base 3) to base 8.
-13532
Convert -1011100111 (base 2) to base 6.
-3235
221c (base 15) to base 6
53243
Convert 20102000 (base 3) to base 9.
6360
Convert -52b6 (base 15) to base 3.
-220000000
-2210001 (base 3) to base 14
-a4a
What is 10901 (base 12) in base 11?
15610
Convert 1026 (base 13) to base 11.
1747
Convert -323123 (base 4) to base 13.
-1967
Convert -13403 (base 7) to base 14.
-1473
What is -331 (base 14) in base 8?
-1167
What is -10010 (base 4) in base 8?
-404
2e7 (base 16) to base 15
348
What is 8c57 (base 14) in base 7?
131040
Convert -12122222 (base 3) to base 16.
-1022
140726 (base 8) to base 7
264446
What is 111221 (base 4) in base 9?
1808
Convert 6a78 (base 12) to base 9.
17282
What is c9bb (base 14) in base 15?
a4dc
What is 7689 (base 12) in base 6?
140253
-10201212 (base 3) to base 8
-5243
-1101011010000 (base 2) to base 13
-3180
What is -1cc (base 15) in base 7?
-1134
What is 1010100110000010 (base 2) in base 9?
65465
15510 (base 6) to base 5
40222
-3141 (base 5) to base 13
-265
-848 (base 9) to base 15
-312
Convert -241 (base 15) to base 4.
-13333
What is -100130 (base 6) in base 2?
-1111010010110
Convert 22143 (base 5) to base 12.
a90
-365555 (base 7) to base 5
-4114302
Convert -342 (base 6) to base 4.
-2012
What is 201 (base 11) in base 10?
243
Convert 338 (base 9) to base 11.
233
What is -873 (base 9) in base 11?
-59a
What is 12013 (base 5) in base 10?
883
1475 (base 10) to base 7
4205
Convert 800 (base 10) to base 12.
568
What is 1401144 (base 5) in base 16?
6e8b
What is 129 (base 10) in base 8?
201
Convert f36 (base 16) to base 13.
1a07
-1003043 (base 5) to base 3
-210222110
Convert -65 (base 10) to base 16.
-41
112 (base 11) to base 6
342
Convert deba (base 15) to base 7.
254416
-64c (base 13) to base 12
-75a
100011101 (base 2) to base 10
285
What is -2221020 (base 3) in base 8?
-4133
What is -1567 (base 9) in base 14?
-615
-4a19 (base 13) to base 5
-314000
4967 (base 13) to base 4
2202122
What is 2a8 (base 14) in base 9?
660
What is -203411 (base 5) in base 3?
-100020022
What is -53d8 (base 15) in base 10?
-17753
What is 994 (base 12) in base 15?
63d
-3447 (base 13) to base 2
-1110010011110
Convert -266 (base 8) to base 7.
-350
Convert -1211111 (base 3) to base 9.
-1744
Convert -43533 (base 6) to base 14.
-22ad
Convert 1014 (base 10) to base 6.
4410
What is 220112 (base 3) in base 7?
1634
111144 (base 5) to base 14
1604
Convert 1101111 (base 2) to base 8.
157
What is 5378 (base 12) in base 5?
243124
What is -14305 (base 6) in base 16?
-8e1
What is 105055 (base 7) in base 3?
221110111
What is 35d (base 14) in base 4?
22133
Convert -ab (base 13) to base 8.
-215
What is 2425 (base 7) in base 5?
12101
-b931 (base 13) to base 4
-12102000
What is 4954 (base 10) in base 8?
11532
Convert 3716 (base 8) to base 10.
1998
What is -8e89 (base 16) in base 14?
-d425
3314 (base 5) to base 8
713
Convert -21111 (base 5) to base 14.
-726
-724 (base 11) to base 16
-369
Convert -16789 (base 10) to base 8.
-40625
What is 10122 (base 4) in base 15?
13c
Convert 1010111110 (base 2) to base 6.
3130
What is 1111121 (base 3) in base 5?
13341
Convert 13959 (base 10) to base 2.
11011010000111
Convert -213 (base 13) to base 7.
-1014
Convert 4548 (base 14) to base 3.
121111012
-1c8 (base 16) to base 9
-556
11110122 (base 3) to base 10
3257
What is 2871 (base 13) in base 12?
3466
What is 33722 (base 9) in base 2?
101011110111001
69 (base 12) to base 15
56
Convert 1111011011 (base 2) to base 3.
1100120
-22375 (base 8) to base 10
-9469
What is 13100131 (base 4) in base 2?
111010000011101
10222210 (base 3) to base 4
231132
433211 (base 5) to base 12
869a
Convert 1010 (base 4) to base 5.
233
c55c (base 13) to base 4
12222112
Convert 110010000 (base 2) to base 15.
1ba
Convert 1221011 (base 3) to base 16.
580
What is -452 (base 10) in base 4?
-13010
Convert 7c80 (base 13) to base 14.
654b
53032 (base 6) to base 15
21b8
Convert -110110110001010 (base 2) to base 7.
-144520
-5314 (base 11) to base 7
-26335
1232020 (base 4) to base 2
1101110001000
What is -21233 (base 4) in base 8?
-1157
What is 1120001 (base 3) in base 10?
1135
What is 9054 (base 10) in base 6?
105530
What is 1cb5 (base 13) in base 11?
3316
-9109 (base 10) to base 7
-35362
What is -2221212001 (base 3) in base 6?
-1125301
What is 1833 (base 9) in base 10?
1407
-c20 (base 14) to base 5
-34010
-2c62 (base 15) to base 14
-3698
-14223 (base 5) to base 11
-990
-140221 (base 5) to base 16
-1636
-20 (base 12) to base 8
-30
What is -2232 (base 6) in base 13?
-314
-10000011 (base 2) to base 6
-335
Convert 2890 (base 10) to base 4.
231022
What is -28aa (base 12) in base 2?
-1001010000010
What is 3000202 (base 4) in base 16?
3022
Convert -644 (base 8) to base 5.
-3140
What is 1443 (base 6) in base 9?
470
-7e92 (base 16) to base 6
-410002
Convert 131010 (base 4) to base 13.
b01
What is -103510 (base 6) in base 11?
-6518
Convert -2522 (base 8) to base 15.
-60c
5067 (base 12) to base 7
34264
Convert -12115 (base 13) to base 15.
-9c47
What is 3320133 (base 4) in base 15?
4aa3
What is -501 (base 8) in base 14?
-18d
What is 275 (base 16) in base 6?
2525
What is -474 (base 12) in base 2?
-1010011000
What is 1011001011010 (base 2) in base 16?
165a
Convert 522 (base 6) to base 3.
21012
Convert -3241 (base 8) to base 10.
-1697
Convert 11101011 (base 2) to base 11.
1a4
What is 121102 (base 3) in base 8?
673
What is -19877 (base 10) in base 7?
-111644
Convert 1111000000 (base 3) to base 16.
71e8
Convert 5064 (base 10) to base 2.
1001111001000
What is -6015 (base 9) in base 6?
-32152
Convert -21826 (base 12) to base 3.
-2020212210
Convert 111110 (base 4) to base 6.
10152
What is 873 (base 13) in base 6?
10410
5999 (base 11) to base 3
101202211
221401 (base 7) to base 5
2221311
What is 22142 (base 6) in base 2?
110000001110
What is -1521 (base 9) in base 13?
-6a9
-37 (base 10) to base 14
-29
-166 (base 12) to base 10
-222
Convert 311 (base 13) to base 5.
4041
Convert -4d7 (base 15) to base 16.
-44e
What is 1522 (base 9) in base 13?
6aa
What is -87c (base 16) in base 13?
-cb1
12121 (base 4) to base 13
256
Convert 880 (base 12) to base 10.
1248
Convert -10e6 (base 16) to base 14.
-1810
What is 5512 (base 6) in base 3?
1201222
Convert 2509 (base 15) to base 11.
5a18
22cb8 (base 13) to base 15
13d15
-1c92 (base 13) to base 16
-10f8
-313 (base 15) to base 14
-377
What is -835 (base 9) in base 10?
-680
Convert -155305 (base 6) to base 16.
-3c59
Convert -110021 (base 3) to base 11.
-281
Convert -547 (base 10) to base 6.
-2311
Convert 5527 (base 8) to base 15.
cd8
What is -16b4 (base 16) in base 15?
